 divided by 26.
23
Suppose 0 = -0*v + 2*v - 4. Suppose 0 = -5*d + 25, 0*d = v*l + 5*d - 47. What is the remainder when l is divided by 4?
3
Suppose 5*p - 36 + 11 = 0. Suppose -119 = -p*i - 29. What is the remainder when 71 is divided by i?
17
Calculate the remainder when 40 is divided by (-2)/2 + (-80)/(-5).
10
Let l be (-23)/(-7) - (-6)/(-21). Calculate the remainder when 21 + (-2 + l - -2) is divided by 9.
6
Suppose 0 + 15 = w. Let k = w + 9. Calculate the remainder when 70 is divided by k.
22
Suppose -3*b - 3*w + 8*w = -40, -b = -4*w - 25. Suppose -b*x + 163 = 53. Suppose 0 = k - 6 - 6. Calculate the remainder when x is divided by k.
10
Let r(t) = -44*t - 17. What is the remainder when r(-2) is divided by 20?
11
Suppose 0 = -i - 4*i. Let s = i + 0. Let p = s + 4. Calculate the remainder when 7 is divided by p.
3
Suppose n + t - 281 = -3*n, 0 = -n - 5*t + 56. Calculate the remainder when n is divided by 12.
11
Let y(a) = 0*a - 1 + 0*a - 3*a + 5*a. Suppose 4*n - 48 = n - 5*c, -16 = -n - c. What is the remainder when n is divided by y(5)?
7
Let w = -10 + 39. What is the remainder when (-220)/(-2)*((-77)/(-11))/14 is divided by w?
26
What is the remainder when 255*(-3)/(45/(-6)) is divided by 26?
24
Let k be (-4)/(-6) - (-87)/(-9). Let h be (-22)/(-6) + 6/k. Suppose 4*c + 2*i - 21 = 3*c, -3*c + 54 = -h*i. Calculate the remainder when c is divided by 10.
9
Let s(b) = -b**2 - 18*b + 9. What is the remainder when s(-13) is divided by 19?
17
Let s be (-3 - 1)*(-46)/(-2). Suppose 4*d = -16, -4*x + d = 5*d + 280. Let a = x - s. What is the remainder when a is divided by 9?
8
Suppose -34 = -2*z - 0*k - k, 2*k = -2*z + 38. What is the remainder when 55 is divided by z?
10
Let s(r) = 17*r - 1. Let i = 6 + -5. What is the remainder when 29 is divided by s(i)?
13
Suppose -3*p = -3*j + 162, 5*p - 220 = -5*j - 0*p. Let t = j + -19. What is the remainder when t is divided by 11?
8
Let z(y) = y**2 - 2*y + 2. Let i be z(3). Suppose -i*q = -q - 52. Let o(t) = -t + 19. What is the remainder when 15 is divided by o(q)?
3
Let j(m) = -m + 1. Calculate the remainder when 3 is divided by j(-1).
1
Let l(g) = 2*g + 29. Calculate the remainder when 42 is divided by l(-9).
9
Let g(r) = 2*r**2 - 3*r + 6. Suppose -20*c = -25*c + 250. Calculate the remainder when c is divided by g(4).
24
Let g(c) = -2*c + 1. Let u be g(-2). Let k = 4 + u. Suppose 3*b - 2*s = 72, 6*b - 4*b - 43 = 3*s. Calculate the remainder when b is divided by k.
8
Suppose -w + 4 = 29. Let m(p) = -6*p**2 + 3*p + 1. Let s be m(3). Let a = w - s. Calculate the remainder when 36 is divided by a.
17
Let i = -77 + 277. Suppose -3*q = -22 - i. Calculate the remainder when q is divided by 15.
14
Suppose -2*t = 3*t - 10. Suppose -55 = -3*u - t*u. What is the remainder when (-48 - (-12)/4)*(-2)/3 is divided by u?
8
Let h(a) = a + 7. Calculate the remainder when (1 - 0)*(2 - 1) is divided by h(-6).
0
Let h(q) = -q**3 - 6*q**2 - q - 7. Let n be h(-6). What is the remainder when (0 + n - -9) + 0 is divided by (-2)/(-2*2/6)?
2
Suppose -5*w = -3*q - 136, -3*w = -5*w - q + 50. What is the remainder when 75 is divided by w?
23
Let x(r) = -r**2 - 9*r - 6. Let t be x(-8). Suppose -2*s = -4*b - 114, 0 = -t*s - 4*b + 17 + 73. What is the remainder when s/6 + 1/(-2) is divided by 3?
2
Let q(k) = -7*k - 9. Let r(h) = -22*h - 26. Let f(x) = 7*q(x) - 2*r(x). Calculate the remainder when f(-8) is divided by 8.
5
Let w = 17 + -10. Let m(q) = q**3 - 6*q**2 - 10*q - 4. Let n be m(8). Suppose 5*u - 9 = 6, -2*a = 2*u - n. Calculate the remainder when a is divided by w.
5
Let n = 163 - 94. Suppose -n = -4*k + 5*s, -3*s + 7 = k - 6. What is the remainder when k is divided by 6?
4
Suppose 4*m - 44 = -z, 36 = 4*m - 2*z + z. Let f = -3 + 0. Let a = 16 - f. Calculate the remainder when a is divided by m.
9
Calculate the remainder when 203 is divided by (-2 - -49) + (0 - -6).
44
Suppose n + n - 87 = 5*m, 4*n + 5*m - 189 = 0. Let q be (-2 + -6)/1 + -2. Calculate the remainder when n is divided by (-18)/(-45) + (-156)/q.
14
Let s(h) = 5*h**3 + h - 1. Calculate the remainder when 12 is divided by s(1).
2
Suppose 2*f + 2*q - 59 = 7*q, -4*f + 104 = 4*q. Calculate the remainder when 107 is divided by f.
26
Let f = 78 + -55. Let l(i) = 5*i - 3. Let z be l(2). Suppose -2*n + z*n = a + 65, -80 = -5*n + 4*a. Calculate the remainder when f is divided by n.
11
Let s(j) = -3*j + 1. Suppose -4*z + 0*z - 4 = 0. Let q be s(z). Suppose 6 = -q*o + 46. What is the remainder when o is divided by 4?
2
Let v = 9 - 5. Suppose -8 = -v*t + l + 43, -2*t + 2*l + 24 = 0. Suppose 1 = -5*j - 4, 5*j = -3*b + t. What is the remainder when 10 is divided by b?
4
Suppose 0 = 2*k + 2*p - 102 + 30, 4*p + 112 = 4*k. What is the remainder when k is divided by 17?
15
Let p = -11 + 7. Calculate the remainder when p/(-4)*(-40)/(-2) is divided by 11.
9
Let u(g) = g + 5. Let k be u(-5). Let f be (3 - -3)*(-1 + k). Let l(o) = -o + 1. Calculate the remainder when 19 is divided by l(f).
5
Suppose -3*a = -5*t - 379, t + 113 = -4*a + 28. Calculate the remainder when 75 is divided by 2/(-8) + t/(-4).
18
What is the remainder when (18/7)/(36/840) is divided by 13?
8
Let o(m) = m**2 - 5*m - 9. Let x be 1/(3/(-6)*-1). What is the remainder when -28*-2*1/x is divided by o(8)?
13
Suppose 9 = -3*u - 15. Let q = 14 - u. Calculate the remainder when 87 is divided by q.
21
Let k = 47 + -31. Calculate the remainder when 26 is divided by k.
10
Let r be (-30)/20*298/(-3). Suppose 3*c - 144 = -3*b, 4*b = -3*c - 0*b + r. Calculate the remainder when c is divided by 15.
13
Calculate the remainder when 45 is divided by (8 - 12)*4/(-1).
13
Suppose 18 - 75 = -h. Suppose 4*r = 141 - h. Calculate the remainder when 41 is divided by r.
20
Suppose -t + 16 + 3 = 2*w, 3*w = -5*t + 11. Calculate the remainder when 30 is divided by 44/6*18/w.
8
Suppose i = 2*i - 14. Suppose -2 = -r - 43. Let g = 81 + r. Calculate the remainder when g is divided by i.
12
Let c(p) = -p + 39. Calculate the remainder when c(23) is divided by 10.
6
Let b(y) = -y**2 + 10*y + 5. Calculate the remainder when b(6) is divided by 6.
5
Let t(i) = 5*i**3 - 3*i**2 - 4*i + 6. What is the remainder when t(3) is divided by 35?
32
Let v be (-106)/(-4) + (-3)/6. Suppose 0 = 5*d - 24 - v. Calculate the remainder when 29 is divided by d.
9
Suppose -2*f - f - x = -74, -5*f - 4*x + 128 = 0. Suppose -v - 6 = -2*j, -3*j = -3*v - 0*j - 6. What is the remainder when f is divided by (-13)/(-2)*v - 0?
11
Suppose 232 = 5*y - 3*q, 2*y - 52 - 39 = 3*q. What is the remainder when y is divided by 16?
15
Let k(d) = d**3 + d**2 - 2*d - 1. Let g be k(-2). Let b be 44 + -1 + 2*g. Let y = b + -26. What is the remainder when 28 is divided by y?
13
What is the remainder when 24 is divided by (27/(-3))/(0 - 1)?
6
Let x(h) = h**2 + h + 1. Let k(g) = -4*g**2 + 7*g + 3. Let b(j) = -k(j) - 5*x(j). What is the remainder when b(-6) is divided by 10?
8
Suppose 2*n - 7*n = v - 15, 3*v = -n + 17. Suppose f + n*f = 33. What is the remainder when f is divided by 6?
5
Let m be (2 - 26)*(2 + 11). What is the remainder when (-6)/30 + m/(-10) is divided by 17?
14
Let c(g) = -g**3 + 4*g**2 + 6*g + 11. Let p = 5 + 9. Suppose f = -j + 10, -2*f - p = -j - 4*f. What is the remainder when c(5) is divided by j?
4
Suppose -2*h + t = 5*t - 48, 4*t - 30 = -h. Let v be 15/(-6)*(-4)/10. Calculate the remainder when ((-14)/4)/(v/(-10)) is divided by h.
17
Let h(u) = u**2 + u. Let o = 5 + -6. Let q be h(o). Let w = 5 + q. What is the remainder when 13 is divided by w?
3
Let t = -7 - -16. Calculate the remainder when (23/(-69))/((-2)/96*1) is divided by t.
7
Let a = -8 - -12. Calculate the remainder when a is divided by (-2)/10 + 22/10.
0
Let m(r) = 3*r**3 + 2*r**2 + 4. Let b be m(-3). Let f = b - -89. Suppose -18*q = -99 - 189. What is the remainder when f is divided by q?
14
Suppose -5*p = s + 9, -3*s - 6*p + 2*p = -17. Suppose -u - 3*u = 48. Let o = 18 + u. What is the remainder when s is divided by o?
5
Suppose -7*u + 2*u = -20. Suppose 0 = -3*c - u*p + 9 + 7, -3*c - p = -31. What is the remainder when 46 is divided by c?
10
Let a(v) = -23*v. Let s be 0 - ((1 - 1) + 1). What is the remainder when a(s) is divided by 13?
10
Let j(i) = i**3 - 20*i**2 + 5*i + 35. Calculate the remainder when j(20) i